 4) to base 12.
3427752
What is -112213130 (base 4) in base 5?
-10431021
27013 (base 8) to base 10
11787
What is -123121001 (base 4) in base 11?
-77324
Convert 27147a (base 11) to base 14.
b15d9
-100110110010100001100 (base 2) to base 3
-2101120120000
What is -357752 (base 9) in base 15?
-43d7e
2076033 (base 8) to base 9
1036683
What is 122627 (base 12) in base 9?
488164
-10011100010110010010 (base 2) to base 12
-26a72a
Convert 11100100000111001 (base 2) to base 6.
2300413
Convert 4126155 (base 8) to base 7.
12200523
35412142 (base 6) to base 14
20b0aa
What is 3b46139 (base 12) in base 4?
230332010331
Convert -38622 (base 11) to base 13.
-1c246
Convert -388b4 (base 16) to base 9.
-382627
6999377 (base 10) to base 12
2416695
Convert 2244034 (base 5) to base 3.
2001120201
-8450515 (base 10) to base 7
-131554033
-2e1629 (base 15) to base 14
-421716
Convert d799e (base 15) to base 10.
683924
-2021031230 (base 4) to base 5
-120441103
Convert -7bb61b (base 13) to base 16.
-2cd63b
Convert 11001011011011101100 (base 2) to base 7.
10040221
What is -221202001201 (base 3) in base 11?
-316768
What is -49247 (base 13) in base 14?
-36db0
11111001101010001110 (base 2) to base 11
639332
1367b (base 13) to base 9
54667
What is -507e76 (base 15) in base 10?
-3823761
-10b2b2 (base 12) to base 4
-1001133212
What is -787976 (base 12) in base 3?
-10121121101100
-60145530 (base 7) to base 9
-10314063
What is -10010101011010111 (base 2) in base 10?
-76503
What is -5266673 (base 8) in base 6?
-50033335
-11465543 (base 8) to base 2
-1001100110101101100011
What is -20301015 (base 6) in base 9?
-1078272
Convert -1412016 (base 11) to base 16.
-25203d
347009 (base 10) to base 5
42101014
-1110111010110000000 (base 2) to base 6
-14251040
Convert 2bab11 (base 15) to base 8.
10034572
What is 155cc65 (base 13) in base 16?
68979a
-1a7d4 (base 16) to base 13
-3a502
Convert 48548 (base 13) to base 11.
9079a
-1630132 (base 7) to base 3
-102110200201
What is -40159 (base 11) in base 7?
-333165
Convert -10010111010111101100100 (base 2) to base 8.
-22727544
What is -3233031002 (base 4) in base 2?
-11101111001101000010
What is a1699 (base 11) in base 2?
100100010001011111
What is -2514531 (base 6) in base 16?
-20d97
What is ee (base 16) in base 5?
1423
What is 236661 (base 8) in base 14?
218d3
120023 (base 6) to base 2
10100010001111
What is 330676 (base 11) in base 8?
2007015
What is -11000011100010101001 (base 2) in base 5?
-201112222
1463236 (base 7) to base 4
300323311
-208c05 (base 16) to base 12
-86a459
-111333230 (base 4) to base 6
-1533032
-27643 (base 14) to base 3
-11221102210
-195376 (base 11) to base 2
-1001001001110010001
-456ace (base 15) to base 5
-1322011234
-5583109 (base 10) to base 3
-101111122120211
Convert 87edd3 (base 15) to base 2.
11000101101111110000100
-1340356 (base 7) to base 11
-1116a3
What is -48695 (base 12) in base 5?
-11111440
Convert -10011001111011001001110 (base 2) to base 8.
-23173116
What is 2156306 (base 9) in base 11?
722053
What is 40a44 (base 15) in base 9?
341851
What is 2900ab (base 16) in base 12?
a9708b
What is 1730606 (base 8) in base 5?
112113243
Convert -55362 (base 12) to base 8.
-334272
What is 24ad1 (base 15) in base 13?
41461
225334 (base 10) to base 12
aa49a
What is 2223112 (base 6) in base 10?
112148
-224093 (base 11) to base 10
-356810
What is 2220022201010 (base 3) in base 11?
963275
-1a6c85 (base 14) to base 10
-940917
Convert -132031012132 (base 4) to base 5.
-4011333412
671354 (base 8) to base 14
5c52c
120303113212 (base 4) to base 3
110020022212201
-34498 (base 11) to base 12
-24a12
What is -1414174 (base 8) in base 4?
-1201201330
43abed (base 15) to base 2
1100010011100011011111
Convert 354a6 (base 12) to base 7.
415413
101011111110101101110 (base 2) to base 10
1441134
What is 1111100000000100100110 (base 2) in base 10?
4063526
What is 168660 (base 14) in base 15?
1097dc
What is 2210101120210 (base 3) in base 11?
9239a8
5116574 (base 8) to base 10
1351036
Convert -1404533 (base 7) to base 4.
-231202112
Convert -1296387 (base 10) to base 11.
-805aa4
What is -40c4a (base 16) in base 4?
-1000301022
What is -3fc049 (base 16) in base 13?
-b338b1
-79994 (base 16) to base 3
-221022012222
What is 12310032323 (base 4) in base 12?
72204b
What is 22122510 (base 6) in base 14?
13408a
11010100010011001011 (base 2) to base 15
1229be
What is -155637 (base 9) in base 10?
-96019
Convert c394a3 (base 15) to base 7.
142004316
What is -161c16 (base 16) in base 8?
-5416026
-63743140 (base 8) to base 6
-1203504240
What is -2012641 (base 7) in base 16?
-3a474
What is 12523 (base 14) in base 2?
1010111101110011
Convert -605305 (base 11) to base 4.
-3231220101
What is -14404004 (base 5) in base 9?
-253658
-112208 (base 11) to base 2
-101011100110101100
-43b14 (base 12) to base 15
-1b8bd
Convert 13113420 (base 6) to base 7.
3440001
100000001011000 (base 2) to base 3
211121002
What is 210111122022201 (base 3) in base 7?
166100011
17411501 (base 8) to base 4
33201031001
What is 342014244 (base 5) in base 7?
15615141
-12147633 (base 8) to base 6
-133154203
13464526 (base 8) to base 11
1798241
41563 (base 12) to base 2
10100110111011011
Convert 5c173 (base 13) to base 7.
1303654
Convert -82874 (base 15) to base 9.
-700381
1511421 (base 8) to base 10
430865
-291b (base 12) to base 4
-1022213
Convert af14b (base 16) to base 13.
1c154c
What is -297b75 (base 13) in base 8?
-3702211
What is -23252a6 (base 12) in base 7?
-111351444
3e1bbb (base 15) to base 14
57c9c9
What is 5224441 (base 6) in base 7?
2101012
Convert 11000110011101110 (base 2) to base 6.
2102234
What is 1401099 (base 11) in base 9?
4483702
Convert 487673 (base 11) to base 7.
6362066
What is -102304011 (base 5) in base 13?
-1216a0
Convert -1102330133 (base 4) to base 8.
-1227437
30233323 (base 5) to base 16
3b513
What is -14323431 (base 5) in base 16?
-250bd
Convert 1124612 (base 8) to base 9.
515115
-414313304 (base 5) to base 13
-47cc6a
What is -52455550 (base 6) in base 12?
-61a5b6
Convert 2001212221100 (base 3) to base 4.
10030203300
Convert 275121 (base 8) to base 3.
11220212000
What is 11655a (base 12) in base 4?
1010202112
Convert -590049 (base 12) to base 7.
-15106356
What is -1200020111220 (base 3) in base 14?
-192740
Convert -12322303 (base 5) to base 7.
-1010545
What is 2626102 (base 7) in base 11?
214815
Convert -291156 (base 13) to base 6.
-33251120
30023132 (base 4) to base 2
1100001011011110
Convert 218174 (base 13) to base 12.
32070b
Convert -1022110102112 (base 3) to base 13.
-1b58c7
Convert -242d53 (base 16) to base 12.
-96406b
Convert -14c51 (base 13) to base 6.
-502335
What is -3b1717 (base 12) in base 13?
-282b17
What is -674638 (base 10) in base 2?
-10100100101101001110
What is 230354152 (base 6) in base 7?
50644502
What is -1202221121 (base 3) in base 5?
-2104304
-478a (base 13) to base 16
-2765
Convert -42407305 (base 8) to base 6.
-521531421
-25112551 (base 6) to base 10
-802867
What is -a525186 (base 11) in base 10?
-18557017
What is 5437245 (base 8) in base 9?
2661680
-1425552 (base 7) to base 10
-191676
What is 210132121 (base 4) in base 15?
2e401
What is -198284 (base 10) in base 8?
-603214
What is -203482 (base 9) in base 4?
-131131223
Convert -11220002111110 (base 3) to base 16.
-27ac29
What is -1001111011011010010100 (base 2) in base 14?
-4ba6b2
-100111110111000 (base 2) to base 6
-234252
-2472102 (base 8) to base 2
-10100111010001000010
Convert -90b48 (base 14) to base 5.
-42113324
Convert -51c1a (base 15) to base 9.
-434527
What is 19adb (base 15) in base 6?
1442212
What is -213101313 (base 5) in base 10?
-909583
-63789 (base 12) to base 11
-8a230
Convert 142526 (base 8) to base 15.
ee7d
What is 31200340 (base 5) in base 9?
430567
Convert -33120 (base 8) to base 11.
-a4a0
-11011100100101001000101 (base 2) to base 10
-7227973
-10100000111111110 (base 2) to base 3
-11012001222
What is -1102212220110 (base 3) in base 9?
-1385813
What is 10200001020 (base 4) in base 2?
100100000000001001000
12202211120201 (base 3) to base 4
23230312333
-94b5a (base 13) to base 7
-2163450
451855 (base 9) to base 10
270428
-342116 (base 8) to base 3
-12212211112
12618835 (base 9) to base 16
5ece62
What is 4133031401 (base 5) in base 15?
b297a1
-14a210b (base 12) to base 7
-50430